01 is divided by 18.
15
What is the remainder when 122155 is divided by 63?
61
What is the remainder when 293522 is divided by 1983?
38
Calculate the remainder when 5937 is divided by 33.
30
What is the remainder when 1796 is divided by 1734?
62
Calculate the remainder when 171359 is divided by 26.
19
What is the remainder when 10579 is divided by 328?
83
What is the remainder when 583160 is divided by 37?
3
What is the remainder when 1409 is divided by 467?
8
Calculate the remainder when 4175 is divided by 352.
303
What is the remainder when 2003 is divided by 165?
23
Calculate the remainder when 512577 is divided by 94.
89
What is the remainder when 30656 is divided by 10218?
2
What is the remainder when 26904 is divided by 74?
42
What is the remainder when 708390 is divided by 61?
58
What is the remainder when 81683 is divided by 27182?
137
What is the remainder when 32386 is divided by 233?
232
Calculate the remainder when 27189 is divided by 316.
13
What is the remainder when 71055 is divided by 160?
15
What is the remainder when 7544 is divided by 92?
0
Calculate the remainder when 13904 is divided by 7.
2
What is the remainder when 21732 is divided by 30?
12
Calculate the remainder when 869 is divided by 832.
37
Calculate the remainder when 24508 is divided by 24496.
12
What is the remainder when 200965 is divided by 1155?
1150
Calculate the remainder when 9538 is divided by 1191.
10
What is the remainder when 6428 is divided by 5179?
1249
Calculate the remainder when 5500 is divided by 686.
12
What is the remainder when 372071 is divided by 55?
51
Calculate the remainder when 85511 is divided by 84.
83
What is the remainder when 2988252 is divided by 421?
415
What is the remainder when 14232 is divided by 14200?
32
What is the remainder when 7837 is divided by 106?
99
What is the remainder when 8578 is divided by 505?
498
Calculate the remainder when 1663 is divided by 428.
379
Calculate the remainder when 526702 is divided by 1451.
1440
Calculate the remainder when 20134 is divided by 958.
16
What is the remainder when 38103 is divided by 108?
87
What is the remainder when 5861 is divided by 37?
15
What is the remainder when 3389 is divided by 259?
22
What is the remainder when 1360899 is divided by 62?
61
Calculate the remainder when 4424 is divided by 904.
808
Calculate the remainder when 138151 is divided by 69074.
3
What is the remainder when 20937 is divided by 11?
4
What is the remainder when 109561 is divided by 327?
16
Calculate the remainder when 37860 is divided by 204.
120
What is the remainder when 5884 is divided by 116?
84
Calculate the remainder when 16947 is divided by 217.
21
What is the remainder when 428866 is divided by 8247?
22
What is the remainder when 70147 is divided by 24?
19
What is the remainder when 602 is divided by 305?
297
What is the remainder when 32803 is divided by 118?
117
What is the remainder when 5983 is divided by 1988?
19
Calculate the remainder when 2207 is divided by 567.
506
What is the remainder when 4484 is divided by 9?
2
What is the remainder when 54437 is divided by 801?
770
Calculate the remainder when 1028 is divided by 102.
8
What is the remainder when 9236 is divided by 298?
296
What is the remainder when 2695845 is divided by 131?
127
Calculate the remainder when 159558 is divided by 38.
34
Calculate the remainder when 963 is divided by 900.
63
What is the remainder when 696374 is divided by 59?
56
What is the remainder when 13657 is divided by 1949?
14
What is the remainder when 155365 is divided by 91?
28
What is the remainder when 1692 is divided by 1405?
287
What is the remainder when 10709 is divided by 119?
118
What is the remainder when 512242 is divided by 243?
241
Calculate the remainder when 676 is divided by 611.
65
What is the remainder when 13445 is divided by 239?
61
What is the remainder when 27882 is divided by 1681?
986
What is the remainder when 673198 is divided by 1020?
1018
Calculate the remainder when 21767 is divided by 284.
183
What is the remainder when 969 is divided by 18?
15
What is the remainder when 6791 is divided by 6787?
4
Calculate the remainder when 206432 is divided by 264.
248
Calculate the remainder when 22907 is divided by 5721.
23
Calculate the remainder when 338250 is divided by 103.
101
Calculate the remainder when 3689944 is divided by 338.
336
What is the remainder when 10199 is divided by 5092?
15
Calculate the remainder when 9980 is divided by 96.
92
What is the remainder when 12517 is divided by 9?
7
What is the remainder when 44534 is divided by 45?
29
Calculate the remainder when 1811685 is divided by 137.
134
Calculate the remainder when 14690 is divided by 14681.
9
Calculate the remainder when 351968 is divided by 39.
32
What is the remainder when 6333 is divided by 121?
41
Calculate the remainder when 2208 is divided by 77.
52
Calculate the remainder when 651 is divided by 248.
155
Calculate the remainder when 5790 is divided by 5018.
772
What is the remainder when 30644 is divided by 29?
20
What is the remainder when 8453 is divided by 8451?
2
Calculate the remainder when 150 is divided by 72.
6
Calculate the remainder when 107 is divided by 14.
9
Calculate the remainder when 772 is divided by 397.
375
Calculate the remainder when 1487 is divided by 43.
25
Calculate the remainder when 16686 is divided by 56.
54
What is the remainder when 121184 is divided by 59?
57
Calculate the remainder when 115541 is divided by 38513.
2
Calculate the remainder when 316466 is divided by 30.
26
What is the remainder when 57474 is divided by 95?
94
What is the remainder when 11469 is divided by 479?
452
What is the remainder when 28403 is divided by 1770?
83
What is the remainder when 22296 is divided by 7427?
15
Calculate the remainder when 9377 is divided by 196.
165
Calculate the remainder when 2440 is divided by 176.
152
What is the remainder when 6358 is divided by 29?
7
What is the remainder when 45510 is divided by 185?
0
Calculate the remainder when 5194 is divided by 291.
247
What is the remainder when 3160 is divided by 2818?
342
Calculate the remainder when 6696 is divided by 43.
31
What is the remainder when 203078 is divided by 806?
772
Calculate the remainder when 27700 is divided by 76.
36
What is the remainder when 49707 is divided by 11?
9
Calculate the remainder when 1031 is divided by 251.
27
Calculate the remainder when 5576 is divided by 5375.
201
Calculate the remainder when 4122 is divided by 1012.
74
Calculate the remainder when 22023 is divided by 11.
1
What is the remainder when 1337 is divided by 238?
147
What is the remainder when 128316 is divided by 1886?
68
What is the remainder when 16013 is divided by 13?
10
Calculate the remainder when 45903 is divided by 7.
4
Calculate the remainder when 23190 is divided by 1655.
20
Calculate the remainder when 6245 is divided by 214.
39
What is the remainder when 6735 is divided by 480?
15
Calculate the remainder when 3677 is divided by 1228.
1221
Calculate the remainder when 3320 is divided by 3152.
168
What is the remainder when 14270 is divided by 85?
75
What is the remainder when 81216 is divided by 18?
0
What is the remainder when 40742 is divided by 1359?
1331
Calculate the remainder when 32932 is divided by 81.
46
What is the remainder when 2710 is divided by 2686?
24
Calculate the remainder when 7945 is divided by 1022.
791
Calculate the remainder when 176449 is divided by 380.
129
Calculate the remainder when 19197 is divided by 256.
253
Calculate the remainder when 1083 is divided by 545.
538
Calculate the remainder when 29738 is divided by 9910.
8
What is the remainder when 150005 is divided by 4?
1
Calculate the remainder when 16965 is divided by 2404.
137
What is the remainder when 265549 is divided by 429?
427
What is the remainder when 50185 is divided by 168?
121
Calculate the remainder when 1525 is divided by 270.
175
Calculate the remainder when 545 is divided by 301.
244
Calculate the remainder when 18785 is divided by 82.
7
What is the remainder when 17706 is divided by 46?
42
What is the remainder when 25936 is divided by 99?
97
What is the remainder when 980 is divided by 75?
5
What is the remainder when 793997 is divided by 794?
791
What is the rema